0. Let m = -37 - y. Calculate the remainder when 67 is divided by m.
21
Suppose -4*g - 3*u + 25 = 0, -3*g - 5*u + 16 = -0*u. Calculate the remainder when 12 is divided by g.
5
Suppose 3*b = 2*k + 83, 0*b - 3*k = -2*b + 62. Calculate the remainder when b is divided by 13.
12
Suppose s + 16 = -5*k, 4*s + 0*s = k - 1. Let m(d) = -d - 1. What is the remainder when m(k) is divided by 1?
0
Calculate the remainder when 81 is divided by (-33)/(-3) - 12/(-4).
11
Suppose 5*o = -4*k - 25, -4*o - 18 - 2 = -k. Let c = 4 - -27. What is the remainder when c is divided by (-16 + k)*(1 + -2)?
15
Let o be 1*(1 - 4) + 399. Suppose o = -f + 4*f. Suppose -3*r + j = -124, 3*j = -4*r + r + f. Calculate the remainder when r is divided by 11.
9
Let i = -5 - -12. Let v(h) be the second derivative of -h**5/20 + h**4/2 + 3*h**3/2 - 2*h. Calculate the remainder when 26 is divided by v(i).
12
Let f = 5 - -34. Let q be (0 - f) + (0 - -2). Let j = 56 + q. Calculate the remainder when 55 is divided by j.
17
Suppose 0 = 4*n + 47 + 5. What is the remainder when (1 - n)/(22/55) is divided by 12?
11
Suppose -2*r = -2, 0*r + 80 = 3*d - r. Calculate the remainder when 100 is divided by d.
19
Suppose -3*s - 2*s - 470 = -5*c, -2*c + 8 = 0. Let z = s - -52. Let n = z + 75. Calculate the remainder when n is divided by 19.
18
Let q(r) = 3*r**3 - 3*r**2 + 3*r - 3. Let l be q(2). Suppose c - l = -2*c. Suppose -2*v = -v - 7. What is the remainder when v is divided by c?
2
Suppose 80 = 2*r - 4*b, -b - 171 = -5*r + 47. Suppose 4*s = 3*s + r. What is the remainder when s is divided by 15?
14
Let r = -19 - -34. Suppose z + 25 = 3*v, -2*v + 4*z - 17 = -3*v. Calculate the remainder when r is divided by v.
6
Let q(f) = -9*f + 10. Calculate the remainder when q(-8) is divided by 14.
12
What is the remainder when ((-3 - 1) + -11)/(-1) is divided by 4?
3
Let f(s) = 29*s**2 + 2*s + 1. Let d = -4 - -6. What is the remainder when f(-1) is divided by (10/(-4))/(d/(-12))?
13
Let m(f) = 3*f**2 + f. Let z(o) = 2*o - 20. Calculate the remainder when m(-2) is divided by z(12).
2
Suppose 226 = 4*v + 2*z - 200, -1 = -z. What is the remainder when v is divided by 36?
34
Suppose -4*l + 10 + 14 = 0. Calculate the remainder when 4/l - (-654)/18 is divided by 13.
11
Suppose -2*t - 3*t = -20. Calculate the remainder when 12 is divided by t.
0
Suppose -h + 19 = -0*m - 2*m, -4*m = -5*h + 65. Calculate the remainder when h is divided by 4.
1
Suppose 124 = -2*r + 48. Let f = -12 - r. Suppose 4*p = -16, -2*u + p + f = -p. What is the remainder when 26 is divided by u?
8
Suppose 513 = 4*v + 145. Let n = v - 40. Calculate the remainder when n is divided by 18.
16
Calculate the remainder when (-759)/(-44) + 6/8 is divided by 7.
4
Let b(m) be the second derivative of m**4/6 - 2*m**2 + m. Let d = 42 + -34. What is the remainder when b(-3) is divided by d?
6
Suppose 2*m + 3*g = -2*g - 2, -2*m + 34 = -4*g. What is the remainder when 14 is divided by m?
5
Suppose 3*f - 11 = -q + 13, -15 = -2*f - q. Calculate the remainder when (3/f)/((-1)/(-3)) is divided by (2/3)/(2/3).
0
Let s = -185 - -200. Calculate the remainder when s is divided by 9.
6
Let l(q) = 4*q**2 - 2*q + 1. Let u be 6 - (-1 + 8/2). Suppose -x = u*x - 8. What is the remainder when l(1) is divided by x?
1
Let h be 10/(-3)*(-21)/(-7). Let o(x) = x**2 + 9*x + 13. Calculate the remainder when 43 is divided by o(h).
20
What is the remainder when 14 is divided by 2 + (4 + -10)/2*-1?
4
Suppose 4 + 4 = 4*j. Suppose -j*m + 33 = -5*q - 0, -q - 5*m - 12 = 0. Let v = q - -12. What is the remainder when v is divided by 3?
2
Let k = 62 + -29. Suppose -3*s + 0*s + k = 0. Calculate the remainder when (-3 - (-25)/3)*6 is divided by s.
10
Let r = 0 + 5. Suppose -r*b - 4*a = -193, 0 = 4*b - a - 4*a - 138. Let v(d) = -d**3 + 5*d**2 + 2*d + 3. Calculate the remainder when b is divided by v(5).
11
Let v be 2/(-2)*3 - -2. Let x = v - -1. Suppose x = -y - 4*a - 12, -2*y - 2*a + 26 = -4*a. Calculate the remainder when 15 is divided by y.
7
Suppose -4*z = 5*c - 27, 2*z - 4*c + 2 = -4. Suppose 4*k - 16 = -3*g, z*g - 2*g - 10 = k. What is the remainder when g is divided by 5?
3
Suppose 5*p - 174 = -p. Calculate the remainder when 84 is divided by p.
26
Let q(j) = -2*j + 3. Let v(f) = -2*f + 4. Let b(y) = 6*q(y) - 5*v(y). Calculate the remainder when b(-2) is divided by 1.
0
Suppose d - 2*d = -2. Suppose i - d*r - 21 = 2*r, -r = 4*i + 1. Suppose 1 = 2*z - 3. What is the remainder when z is divided by i?
0
Suppose 5*x - 2*v + 5*v = 179, -4*x - 3*v + 145 = 0. What is the remainder when x is divided by 0 + -8*(-3)/2?
10
What is the remainder when 54 is divided by (-13)/(260/(-432)) - (-2)/5?
10
Let z = 64 + 15. What is the remainder when z is divided by 16?
15
Suppose 38 = 10*s - 92. What is the remainder when 64 is divided by s?
12
What is the remainder when 30 is divided by 3/(-12) + (-65)/(-4)?
14
Let x = -9 - -13. Calculate the remainder when x is divided by 2/(-5) - 51/(-15).
1
Let m = -197 + 240. Let o = -1 + 0. Let y = 23 + o. What is the remainder when m is divided by y?
21
Let d(u) = u**2 + u - 2. Let o be d(2). Suppose 86 = o*i + 22. Calculate the remainder when 30 is divided by i.
14
Let b(u) = u**2 + 2*u - 6. Let s = -1 + 7. What is the remainder when b(s) is divided by 15?
12
Calculate the remainder when 26 is divided by ((-14)/(-8))/(2/8).
5
Let u = -2 + 5. Suppose 0 = -4*k + 8. Calculate the remainder when u is divided by k.
1
Let z(j) = 5*j**3 - 2*j**2 + j. Let t be z(1). Let d(q) = -q**3 + 4*q**2 + 2*q - 2. What is the remainder when d(t) is divided by 4?
2
Let p(j) = j**3 - 9*j**2 - j - 11. Let h = 35 - 25. What is the remainder when p(h) is divided by 27?
25
Let t be 90 + (-3)/1 + -3. Suppose -4*y - t + 0 = 0. Calculate the remainder when 35 is divided by (54/y)/(6/(-28)).
11
What is the remainder when (52/(-2))/(-5 + 3) is divided by 8?
5
Let j be 0*-2*2/(-4). Suppose 0 = -2*w - 2*w. Suppose w = -j*v - 2*v + 10. Calculate the remainder when 14 is divided by v.
4
Let s(o) = 2*o**2 + 6*o - 15. Let n(z) = 3*z**2 - 3*z + 4. What is the remainder when n(4) is divided by s(-6)?
19
Suppose -22 = t - 3*t - 2*n, 0 = -2*n - 6. What is the remainder when (10 - -5)*(-18)/(-5) is divided by t?
12
Let d = -8 + 24. Let u(q) = -q - 3. Suppose 7*j = 2*j - 45. Calculate the remainder when d is divided by u(j).
4
Let h = -25 + 35. Let p(t) = 5*t - 15. Let r = 56 + -38. What is the remainder when p(h) is divided by r?
17
Suppose 0*l - 18 = -3*l. Calculate the remainder when l is divided by 3.
0
Suppose 5*w + 5*s - 11 = 4, -5*s + 23 = -3*w. Calculate the remainder when 7 is divided by (0/w)/2 + 4.
3
Let i = -81 + 131. Suppose r - 11 = 6. Calculate the remainder when i is divided by r.
16
Suppose 0 = 2*x - 0*x - 12. What is the remainder when 6 is divided by x?
0
Let w be 2 + (-3)/(-9)*3. Suppose 4*z + 12 = 3*r + w*z, 0 = -5*r + z + 18. Suppose -25 = -4*n + r*n. What is the remainder when n is divided by 9?
7
Suppose -5*s + 2*s - 2*u - 12 = 0, 5*u = 5*s + 20. Let x be 2/((-5)/s - 1). What is the remainder when 37 is divided by 4/(-16) - (-106)/x?
11
Let d = 18 + -11. Suppose 0*l + 5*w + 3 = -4*l, 5*w + 24 = 3*l. What is the remainder when d is divided by l?
1
Suppose -4*z + 94 = q, 0 = -5*z + q + 62 + 60. Suppose 8 = 2*y - z. What is the remainder when 47 is divided by y?
15
Suppose -2*s - 3*s + 115 = 0. Calculate the remainder when 44 is divided by s.
21
Suppose -2*v - 54 = 8. Calculate the remainder when (-4 - -3)*1*v is divided by 17.
14
Let w = -15 - -16. What is the remainder when 16 - ((-12)/4 + w) is divided by 10?
8
Let h be 5/(-10) - (-23)/2. Calculate the remainder when 4/(-22) + 343/h is divided by 16.
15
Let r = 0 + -7. Let t = 9 + r. What is the remainder when 2 is divided by t?
0
Calculate the remainder when 2 - 46/((-10)/5) is divided by 13.
12
Suppose -4*q + 5*y - 19 = -76, -q - y = -3. Let w = 20 - q. Let o(g) = 9*g**2 + g + 1. What is the remainder when o(-2) is divided by w?
11
Suppose -4*k + 122 = -2*t, 0 = -3*k - k - 5*t + 101. Suppose 5*v + 16 - 66 = 0. What is the remainder when k is divided by v?
9
Let f(p) = 4*p**2 - p - 2. Suppose 0*v + 2 = v. Suppose -66*k = -64*k - 90. What is the remainder when k is divided by f(v)?
9
What is the remainder when 61/7 - (-6)/21 is div